{"id":15,"date":"2025-09-12T18:29:10","date_gmt":"2025-09-12T15:29:10","guid":{"rendered":"https:\/\/pediatrikcerrah.az\/?page_id=15"},"modified":"2026-04-09T11:59:25","modified_gmt":"2026-04-09T08:59:25","slug":"page","status":"publish","type":"page","link":"https:\/\/pediatrikcerrah.az\/?page_id=15","title":{"rendered":"Haqq\u0131nda"},"content":{"rendered":"\n\n\n<p data-start=\"185\" data-end=\"292\"><strong data-start=\"185\" data-end=\"241\">Uzman u\u015faq c\u0259rrah\u0131 v\u0259 u\u015faq uroloqu Dr. V\u00fcsal C\u0259f\u0259rov<\/strong><br data-start=\"241\" data-end=\"244\">\nAvropa U\u015faq C\u0259rrahiyy\u0259si Assosiasiyas\u0131n\u0131n \u00fczv\u00fc<br><br><\/p><p data-start=\"294\" data-end=\"564\">Dr. V\u00fcsal C\u0259f\u0259rov 2003\u20132009-cu ill\u0259rd\u0259 Az\u0259rbaycan Tibb Universitetinin Pediatriya fak\u00fclt\u0259sind\u0259 t\u0259hsil alm\u0131\u015f, 2011\u20132016-c\u0131 ill\u0259rd\u0259 is\u0259 \u0130stanbul Universiteti, C\u0259rrahpa\u015fa Tibb Fak\u00fclt\u0259sinin U\u015faq C\u0259rrahiyy\u0259si v\u0259 U\u015faq Urologiyas\u0131 b\u00f6lm\u0259sind\u0259 uzmanl\u0131q t\u0259hsilini tamamlam\u0131\u015fd\u0131r.<br><br><\/p><p data-start=\"566\" data-end=\"879\">2016-c\u0131 ild\u0259n etibar\u0259n M\u0259rk\u0259zi G\u00f6mr\u00fck Hospital\u0131nda f\u0259aliyy\u0259t g\u00f6st\u0259r\u0259n Dr. V\u00fcsal C\u0259f\u0259rov haz\u0131rda h\u0259min x\u0259st\u0259xanan\u0131n U\u015faq C\u0259rrahiyy\u0259si \u015f\u00f6b\u0259sinin r\u0259hb\u0259ri kimi \u00e7al\u0131\u015f\u0131r. Onun r\u0259hb\u0259rlik etdiyi \u015f\u00f6b\u0259d\u0259 0\u201318 ya\u015f aras\u0131 u\u015faqlarda geni\u015f spektrli c\u0259rrahi m\u00fcdaxil\u0259l\u0259r m\u00fcasir tibbi protokollara uy\u011fun \u015f\u0259kild\u0259 h\u0259yata ke\u00e7irilir.<br><br><\/p><p data-start=\"881\" data-end=\"1276\">Dr. V\u00fcsal C\u0259f\u0259rov x\u00fcsusil\u0259 nadir v\u0259 m\u00fcr\u0259kk\u0259b anadang\u0259lm\u0259 inki\u015faf q\u00fcsurlar\u0131n\u0131n m\u00fcalic\u0259sind\u0259 b\u00f6y\u00fck t\u0259cr\u00fcb\u0259y\u0259 malikdir. Onun u\u011furla icra etdiyi \u0259m\u0259liyyatlara qida borusu atreziyas\u0131, ba\u011f\u0131rsaq atreziyas\u0131, sidik kanal\u0131n\u0131n darl\u0131\u011f\u0131, kloaka anomaliyas\u0131, omfalosel, sidik kis\u0259sinin ekstrofiyas\u0131 v\u0259 dig\u0259r m\u00fcr\u0259kk\u0259b patologiyalar daxildir. H\u0259kim h\u0259m a\u00e7\u0131q, h\u0259m d\u0259 laparoskopik \u00fcsullarla \u0259m\u0259liyyatlar apar\u0131r.<br><br><\/p><p data-start=\"1278\" data-end=\"1562\">U\u015faq c\u0259rrahiyy\u0259si sah\u0259sind\u0259 elmi yenilikl\u0259rin t\u0259tbiqin\u0259 x\u00fcsusi \u00f6n\u0259m ver\u0259n Dr. C\u0259f\u0259rov, \u00f6lk\u0259mizd\u0259 ilk d\u0259f\u0259 sidik axar\u0131n\u0131n laparoskopik refluks \u0259m\u0259liyyat\u0131n\u0131 u\u011furla h\u0259yata ke\u00e7irmi\u015fdir. Bununla yana\u015f\u0131, u\u015faqlarda uroloji v\u0259 qastroenteroloji probleml\u0259rin d\u0259 m\u00fcasir m\u00fcalic\u0259sini t\u0259min edir.<br><br><\/p><p data-start=\"127\" data-end=\"234\">\n\n\n\n\n<\/p><p data-start=\"1564\" data-end=\"1839\">Pe\u015f\u0259kar f\u0259aliyy\u0259ti il\u0259 yana\u015f\u0131, beyn\u0259lxalq tibbi icmalarda aktiv i\u015ftirak ed\u0259n Dr. V\u00fcsal C\u0259f\u0259rov Avropa U\u015faq C\u0259rrahiyy\u0259si Assosiasiyas\u0131n\u0131n da \u00fczv\u00fcd\u00fcr. Onun \u0259sas m\u0259qs\u0259di valideynl\u0259r\u0259 v\u0259 ki\u00e7ik pasiyentl\u0259r\u0259 multidissiplinar, keyfiyy\u0259tli v\u0259 etibarl\u0131 tibbi xidm\u0259t t\u0259qdim etm\u0259kdir.<\/p>\n\n\n\n","protected":false},"excerpt":{"rendered":"","protected":false},"author":1,"featured_media":376,"parent":0,"menu_order":0,"comment_status":"closed","ping_status":"closed","template":"","meta":{"pagelayer_contact_templates":[],"_pagelayer_content":"","_monsterinsights_skip_tracking":false,"_monsterinsights_sitenote_active":false,"_monsterinsights_sitenote_note":"","_monsterinsights_sitenote_category":0,"footnotes":""},"class_list":["post-15","page","type-page","status-publish","has-post-thumbnail","hentry"],"aioseo_notices":[],"_links":{"self":[{"href":"https:\/\/pediatrikcerrah.az\/index.php?rest_route=\/wp\/v2\/pages\/15","targetHints":{"allow":["GET"]}}],"collection":[{"href":"https:\/\/pediatrikcerrah.az\/index.php?rest_route=\/wp\/v2\/pages"}],"about":[{"href":"https:\/\/pediatrikcerrah.az\/index.php?rest_route=\/wp\/v2\/types\/page"}],"author":[{"embeddable":true,"href":"https:\/\/pediatrikcerrah.az\/index.php?rest_route=\/wp\/v2\/users\/1"}],"replies":[{"embeddable":true,"href":"https:\/\/pediatrikcerrah.az\/index.php?rest_route=%2Fwp%2Fv2%2Fcomments&post=15"}],"version-history":[{"count":11,"href":"https:\/\/pediatrikcerrah.az\/index.php?rest_route=\/wp\/v2\/pages\/15\/revisions"}],"predecessor-version":[{"id":381,"href":"https:\/\/pediatrikcerrah.az\/index.php?rest_route=\/wp\/v2\/pages\/15\/revisions\/381"}],"wp:featuredmedia":[{"embeddable":true,"href":"https:\/\/pediatrikcerrah.az\/index.php?rest_route=\/wp\/v2\/media\/376"}],"wp:attachment":[{"href":"https:\/\/pediatrikcerrah.az\/index.php?rest_route=%2Fwp%2Fv2%2Fmedia&parent=15"}],"curies":[{"name":"wp","href":"https:\/\/api.w.org\/{rel}","templated":true}]}}